mine q(10).
-117
Let g(v) = v + 17. Let f(u) = u + 18. Let z(n) = -3*f(n) + 2*g(n). Let d = -335 - -335. Give z(d).
-20
Suppose -30*r + 28*r - 4 = -4*z, 4*r - 5*z - 7 = 0. Suppose -4*k + 45 - 5 = 0. Suppose r - k = 2*x. Let i(t) = -3*t**3 + t + 1. Determine i(x).
3
Let f = 21 + -11. Let h(j) = -j**2 - 2*j + 7 + f*j - 6*j. Let u be h(-3). Let z(l) = -l - 11. Calculate z(u).
-3
Let r = 8 + -15. Let a(x) = -x + 2. Let p(y) = y - 2. Let j(c) = 3*c - 5. Let l(z) = 3*j(z) - 5*p(z). Let s(t) = r*a(t) - 2*l(t). Calculate s(-3).
-1
Let d(j) be the third derivative of -j**4 - 10*j**3/3 - 4393*j**2. Calculate d(-2).
28
Let x = 3265 - 3276. Let s(q) = -q**3 - 12*q**2 - 10*q + 11. Calculate s(x).
0
Let b(g) = g**2 + 6*g + 21. Suppose 32*j - 44*j = 24. Let t(i) = i + 10. Let m(a) = j*b(a) + 5*t(a). What is m(-6)?
-22
Let c(i) = -i**3 - 3*i**2 + 2*i + 2. Let w be c(-3). Suppose -9*k + 8*k - 3*m = -10, -k + 4*m + 17 = 0. Let l(n) = 20 - k + 2*n - 2. What is l(w)?
-3
Let p(v) be the first derivative of v**2 + 3*v - 1. Let o = -194 - -195. Suppose i + b = 4*i + o, -4*b - 14 = -3*i. Calculate p(i).
-1
Suppose -10*t + 361 - 971 = 0. Let p = 59 + t. Let d(y) = -y**2 + y + 1. Determine d(p).
-5
Let n(h) = 0*h - 17 + 5*h - h - 13*h + 7*h. Give n(-9).
1
Let b(c) = -c + 19. Suppose 0 = -32*h + 20*h - 6372. Let w = h + 540. Determine b(w).
10
Let p(x) = 4*x**3 + 2*x**2 + x + 1. Let r = 16835 - 16837. What is p(r)?
-25
Let w = 681 + -675. Let y be 72/(-30)*w/(12/(-5)). Let n(q) = -3*q + 11. What is n(y)?
-7
Let a be 3*1*(-182)/21. Let x = -25 - a. Let l(m) = 12 + 7*m - 22 + x - m**2 + 5. Calculate l(8).
-12
Let a(k) be the second derivative of k**4/12 - k**3/2 + 3*k**2/2 + k + 7184. Let o = -1 + 3. Give a(o).
1
Let p(r) = 4*r - 1. Suppose 9*b - 4*b = 0, 0 = m - 5*b - 5. Suppose 15*x = 4*a + 17*x + 14, 3*a = m*x - 43. Calculate p(a).
-25
Let h(j) be the first derivative of 32 + 1/2*j**2 + 1/3*j**3 + 0*j. What is h(2)?
6
Let v(c) = -4*c - 20. Let w be (-5)/(5 + ((-203)/21 - -5)). Give v(w).
40
Let c(t) = -3*t + 3*t**2 - 396 + 408 - 3*t**3 + 2*t**3 + t**2. Calculate c(4).
0
Let m(c) = 3*c**2 - 44*c - 8. Let d = -1504 + 1519. What is m(d)?
7
Let l(y) = -4*y**3 + 2*y**2 - 6*y - 3. Let r = 173 + -178. Let p(j) = -7*j**3 + 5*j**2 - 11*j - 5. Let b(d) = r*l(d) + 3*p(d). Calculate b(4).
4
Let x(w) be the first derivative of w**4/12 - w**3/2 - 4*w**2 - 20*w + 76. Let t(a) be the first derivative of x(a). Calculate t(6).
10
Let t(s) = 18*s - 1. Let u(k) = -59*k - 14. Let c(i) = -4*t(i) - u(i). Determine c(3).
-21
Let l(v) = 16948 + 5*v - 33823 + 16903. What is l(-20)?
-72
Suppose m + 5 = t, 411*m - 409*m - 4*t + 30 = 0. Let s(n) = -n**3 + 2*n**2 - 3*n. Let o(c) = -c**3 + c**2 - 3*c - 1. Let a(l) = 4*o(l) - 5*s(l). What is a(m)?
-14
Let j(u) = 18*u**2 - 5*u + 1. Let f(s) = 10*s**2 - 2*s + 1. Let m(z) = 7*f(z) - 4*j(z). Let d(a) = a**2 - 4*a - 1. Let w(b) = -5*d(b) - 2*m(b). What is w(6)?
11
Let p(d) = 8*d + 170. Let t be (41 + -53)*((1 - (-21)/6) + -3). What is p(t)?
26
Let j(g) = g**2 - 17*g. Let d be j(17). Suppose -15*p - p = d. Let u(x) = -2*x - 1. What is u(p)?
-1
Let h = 143 + -138. Let s(b) = 2*b - 2 - 2 + 4 - h. Determine s(7).
9
Let d = 0 - 3. Let i(g) = -3 - 5*g**3 - 3*g**2 + 5*g - 3*g**2 - g. Let c(t) = -9*t**3 - 11*t**2 + 7*t - 6. Let q(s) = 4*c(s) - 7*i(s). Determine q(d).
6
Suppose 6 = 3*b - 2*b. Let v(k) be the third derivative of k**6/360 - k**5/15 + k**4/4 + 3*k**3 - 35*k**2. Let z(n) be the first derivative of v(n). Give z(b).
-6
Let d(n) be the second derivative of n**4/12 - 8*n**3/3 + 27*n**2/2 - 5473*n. Give d(14).
-1
Let q(w) = w**2 - 4*w + 4. Let h be q(4). Let d(m) = -m**2 - 4*m**2 + h*m**2 + 6 + 7*m. Let a(k) = k**3 - 174*k**2 - 263*k - 15655. Let x be a(176). Give d(x).
-12
Suppose w - 11 = -4*s, 821*w - 824*w - 19 = -s. Let a(j) be the first derivative of -j**4/4 - 2*j**3 - 3*j**2 - 3*j + 3. Calculate a(w).
2
Let z be (-46 - -178)/33 - (1 + 0 + -1). Let j(d) be the second derivative of d**3 + 2*d**2 + d. Give j(z).
28
Suppose 0 = 5*m - 2*q + 15, -m - 16 + 13 = 3*q. Let n(t) = -4*t**3 - 4*t**2 - 6*t - 5. Let w(y) = -y**3 - y - 1. Let p(i) = n(i) - 3*w(i). What is p(m)?
-2
Let n(j) = -3*j**2 + 327*j - 39. Let i(u) = u**2 - 87*u + 1. Let h(w) = 4*i(w) + n(w). Calculate h(16).
-115
Let a be ((-23)/(-2691)*26)/((-57)/(-27) + -2). Let y(n) = n**3 - 3*n**2 + 8. What is y(a)?
4
Let f(c) = -6*c. Suppose 20 = -16*d + 20*d. Suppose 4*t - 25 + d = 0. Suppose -t*n = 10, z - 6 = 4*n + 3. Determine f(z).
-6
Let a(b) be the second derivative of -b**7/2520 + 7*b**6/720 + 11*b**5/120 - b**4/4 + 6*b**2 - b + 14. Let k(f) be the third derivative of a(f). Give k(8).
3
Let q(d) be the second derivative of d**4/4 + d**3/6 - 4143*d. Suppose 1 = -3*s + 4. What is q(s)?
4
Let d(r) = -r**3 + 6*r**2 - 9*r + 27. Suppose 4*k - 37*q + 40*q = 45, -4*k - 11 = -5*q. Give d(k).
-27
Let h(i) = 340 - 671 + 330 - i. What is h(-19)?
18
Let k(q) = 17*q - 6. Let c(n) = 11*n - 3. Let z(j) = -3*c(j) + 2*k(j). What is z(20)?
17
Let d(g) = -g**2 + 2*g + 1. Let b be 7/7*(3 - -2). Let c be (-3 - 40/b)*1. Let j(n) = -3*n**2 + 6*n + 4. Let p(u) = c*d(u) + 4*j(u). Give p(-4).
-19
Let n(q) = q - 10. Let c(i) = -i + 19. Let h(b) = 3*c(b) + 5*n(b). Let k be (-30)/(-25)*(-45)/(-6). Let y(g) = -g**2 + 7*g + 13. Let t be y(k). Determine h(t).
-3
Let u be (20 - 1040/64)*(-3 + -1). Let k(a) = -4*a - 12. Determine k(u).
48
Let y(b) be the second derivative of -1/720*b**6 + 0*b**3 + 0 + 19/120*b**5 - b - 2/3*b**4 + 0*b**2. Let z(w) be the third derivative of y(w). Calculate z(8).
11
Let r(g) = 4*g**2 - 8*g - 489. Let q(i) = 5*i**2 - 8*i - 653. Let p(u) = 3*q(u) - 4*r(u). Suppose -t + 12 = 2*d, 13 + 14 = 3*d - 3*t. Give p(d).
4
Let g be 15/13 + (-166)/1079. Let u(f) be the second derivative of 0 + 0*f**4 + 3*f - 1/3*f**3 + 1/2*f**2 + 11/10*f**5. Give u(g).
21
Let h(v) = v**3 + 3*v**2 - 5*v - 7. Let z be h(-4). Let f(y) be the second derivative of y**4/12 + 5*y**3/6 + y**2 + 2*y - 2383. What is f(z)?
-4
Let n(u) = 4*u - 49. Let a be n(-6). Suppose -497 = -2*g + 9*g. Let w = g - a. Let h(o) = -2*o**3 + 3*o**2 - o - 1. Give h(w).
-7
Let l = -223 - -225. Let q(a) = -a**l + 4*a**2 + 8*a**2 - 6*a - 10*a**2. Determine q(6).
0
Let o = -3 - -4. Let i(g) = 4 - 2788*g - 2 + 2787*g + 0. Let m(d) = -2*d**2 + d - 1. Let b(p) = -i(p) - m(p). Determine b(o).
1
Let d(p) = p + 5. Suppose 0 = 5*v + x - 50, 4*v - 40 = -0*v - 4*x. Suppose -4*j + v = 2. Suppose j*r + 0*r - 14 = 0. Give d(r).
12
Suppose -24*z + 14*z - 200 = 0. Let w(o) = -o**3 - 22*o**2 - 39*o + 24. Calculate w(z).
4
Let i(y) = y + 13. Let f be i(-11). Let a(j) = -4*j**2 + 12*j**2 - 2 + j**f - 3*j**2 - j**3 + j. Calculate a(6).
4
Let z(l) = 17*l**2 + 29*l - 7. Let b(w) = 5*w**2 + 10*w - 2. Let g(a) = -7*b(a) + 2*z(a). What is g(-9)?
27
Let k(n) = 2*n**2 - n - 1. Suppose -v = -2*j + 8, -v + 3*j = 7*j - 22. Let i = 11 - v. Suppose i*h - 7*h = 6. Determine k(h).
14
Let b(n) be the second derivative of -1/4*n**4 + 2/3*n**3 - 3 - 3/2*n**2 - 15*n. Give b(3).
-18
Let i(g) be the first derivative of -g**4/4 + 8*g**3 + 3*g**2/2 - 63*g - 3522. Give i(24).
9
Let y(g) = -g**2 - 9*g + 6. Let p be ((-4)/(-8))/((-4)/(-128) + 0). Let a(h) = 14*h + h**2 + 2*h**2 + 22 - 4*h**2. Let o be a(p). Determine y(o).
-4
Let g be -10*(147/462 + 6/33). Let f(u) be the third derivative of -u**6/120 - u**5/15 + u**4/4 + u**3 + u**2. Determine f(g).
1
Let z(p) = 2 - p + 1 + 11*p - 11*p. Let x(t) be the second derivative of t**3 - 3*t**2 - 53*t. Let v be x(2). Calculate z(v).
-3
Let c(s) = 9*s**3 + 43*s**2 + 7 - 60*s**3 + 20*s**3 + 17*s**3 + 15*s**3 - 90*s. Determine c(-45).
7
Let k(c) = -c**3 + 9*c**2 - 17*c - 6. Let y(v) = v**2 - 16*v + 68. Let x be y(7). Give k(x).
9
Suppose -t - 2*d + 4 = 3, 2*d + 2 = -4*t. Let o be 192/8*(t - 12/(-9)). Let f(n) = -o + 0*n - n**2 + 0 + 6*n + 4*n. What is f(8)?
8
Let s(a) = -a + 4. Let c be 816/(-442) + ((-8)/26)/2. Determine s(c).
6
Let g be (-4 - -2 - -8)*(-5)/(-15). Let f be g*(9/(-6))/(9/(-60)). Suppose 3*p = -v - 3*v + 25, 0 = -3*v - p + f. Let b(k) = -2*k. What is b(v)?
-14
Suppose 0 = 2*n, -3*a + 0*a + 2*n - 3 = -3. Let d(v) = v**3 + v**2 + 5*v - 17. Determine d(a).
-17
Let w(l) = -16*l - 2558. Let a(d) = -3*d - 465. Let r(n) = 11*a(n) - 2*w(n). Suppose -